{"id":48,"date":"2019-06-19T22:50:44","date_gmt":"2019-06-19T20:50:44","guid":{"rendered":"https:\/\/musikschulewuerenlos.wordpress.com\/?page_id=48"},"modified":"2025-11-25T18:53:48","modified_gmt":"2025-11-25T17:53:48","slug":"leiterteam","status":"publish","type":"page","link":"https:\/\/lager.musikschulewuerenlos.ch\/index.php\/leiterteam\/","title":{"rendered":""},"content":{"rendered":"\n<p class=\"has-text-align-center\"><em><strong>DAS SIND WI<\/strong><\/em><strong><em>R<\/em><\/strong><\/p>\n\n\n\n<hr class=\"wp-block-separator has-css-opacity is-style-wide\"\/>\n\n\n\n<h1 class=\"wp-block-heading has-text-align-center\">LAGERLEITUNG<\/h1>\n\n\n\n<p class=\"has-text-align-center\">Sylvia Riolo \u00fcbernimmt zum siebten Mal die Lagerleitung. Wenn ihr uns kontaktieren wollt, k\u00f6nnt ihr dies unten \u00fcber das Kontaktformular <strong>&#8222;Lagerleitung Kontaktieren&#8220;<\/strong> machen.<\/p>\n\n\n\n<div style=\"height:50px\" aria-hidden=\"true\" class=\"wp-block-spacer\"><\/div>\n\n\n<div class=\"wp-block-image\">\n<figure class=\"aligncenter size-full is-resized\"><img fetchpriority=\"high\" decoding=\"async\" width=\"2297\" height=\"2296\" src=\"https:\/\/lager.musikschulewuerenlos.ch\/wp-content\/uploads\/2019\/08\/Sylvia-Riolo2.jpg\" alt=\"\" class=\"wp-image-1469\" style=\"width:250px\"\/><\/figure>\n<\/div>\n\n\n<h2 class=\"wp-block-heading has-text-align-center\">Sylvia Riolo<\/h2>\n\n\n\n<p class=\"has-text-align-center\">Gl\u00fccklicherweise konnte ich in jungen Jahren mein Hobby zum Beruf machen. Ich habe eine Ausbildung als Blasorchesterdirigentin und Querfl\u00f6tenlehrerin abgeschlossen. Seither unterrichtete ich an verschiedenen Musikschulen Querfl\u00f6te. Zudem leitete ich das Oberstufenensemble der Musikschule W\u00fcrenlos bis Ende Schuljahr 2024. W\u00e4hrend meinem Musikmanagementstudium habe ich vor 18 Jahren die Leitung der Musikschule W\u00fcrenlos \u00fcbernommen und diese auf das Schuljahr 2024\/25 an Roger Thommen \u00fcbergeben. Weiterhin bin ich als Orchestermusikerin t\u00e4tig und dirigiere seit 8 Jahren die Musikgesellschaft W\u00fcrenlos. Ich bin verheiratet und habe 3 erwachsene Kinder. Ausser Musik geh\u00f6ren Skifahren und Lesen zu meinen Hobbys.<\/p>\n\n\n\n<div style=\"height:50px\" aria-hidden=\"true\" class=\"wp-block-spacer\"><\/div>\n\n\n\n<p class=\"has-text-align-center\"><em><strong>WIR KOMMEN MIT<\/strong><\/em><\/p>\n\n\n\n<hr class=\"wp-block-separator has-css-opacity is-style-wide\"\/>\n\n\n\n<h1 class=\"wp-block-heading has-text-align-center\">LEITERTEAM<\/h1>\n\n\n\n<p class=\"has-text-align-center\">Auch dieses Jahr werden wieder viele kompetente Musiklehrer\/-innen unsere jungen und talentierten Musiker\/-innen betreuen.<br>Zus\u00e4tzlich werden wir von einem J+S-Leiter begleitet, der unter anderem f\u00fcr das Freizeitprogramm zust\u00e4ndig ist.<\/p>\n\n\n\n<div style=\"height:50px\" aria-hidden=\"true\" class=\"wp-block-spacer\"><\/div>\n\n\n\n<div class=\"wp-block-columns alignwide has-2-columns is-layout-flex wp-container-core-columns-is-layout-9d6595d7 wp-block-columns-is-layout-flex\">\n<div class=\"wp-block-column is-layout-flow wp-block-column-is-layout-flow\"><div class=\"wp-block-image\">\n<figure class=\"aligncenter size-full is-resized\"><img decoding=\"async\" width=\"568\" height=\"568\" src=\"https:\/\/lager.musikschulewuerenlos.ch\/wp-content\/uploads\/2025\/04\/Roger-Thommen-2.jpg\" alt=\"\" class=\"wp-image-4664\" style=\"width:auto;height:250px\" srcset=\"https:\/\/lager.musikschulewuerenlos.ch\/wp-content\/uploads\/2025\/04\/Roger-Thommen-2.jpg 568w, https:\/\/lager.musikschulewuerenlos.ch\/wp-content\/uploads\/2025\/04\/Roger-Thommen-2-300x300.jpg 300w, https:\/\/lager.musikschulewuerenlos.ch\/wp-content\/uploads\/2025\/04\/Roger-Thommen-2-150x150.jpg 150w, https:\/\/lager.musikschulewuerenlos.ch\/wp-content\/uploads\/2025\/04\/Roger-Thommen-2-75x75.jpg 75w\" sizes=\"(max-width: 568px) 100vw, 568px\" \/><\/figure>\n<\/div>\n\n\n<h2 class=\"wp-block-heading has-text-align-center\">Roger Thommen<\/h2>\n\n\n\n<p class=\"has-text-align-center\">Als Kind genoss ich Blockfl\u00f6ten- und Gitarrenunterricht an der Musikschule W\u00fcrenlos, liess mich danach in Gesang ausbilden und durfte meine ersten musikalischen Erfahrungen auf der B\u00fchne des Opernhauses Z\u00fcrich machen. Nach der Matura an der Kantonsschule Wettingen liess ich mich zum Oberstufenlehrer ausbilden, unterrichtete in Neuenhof an der Sekundarschule und danach an der Bezirksschule Wettingen als Fachlehrer Musik. Auf das Schuljahr 2024\/2025 durfte ich die Leitung der Musikschule von Sylvia Riolo \u00fcbernehmen und arbeite zus\u00e4tzlich in einem Teilpensum an der Heilp\u00e4dagogischen Schule Wettingen. Seit meiner Kindheit begleitet mich die Musik durch das Leben. Mit der Musik verbinde ich viele sch\u00f6ne Erlebnisse, welche ich mit anderen teilen und im Unterricht den Jugendlichen weitergeben konnte. Das Musiklager der Musikschule bietet unseren jungen Musikerinnen und Musikern eine wunderbare Gelegenheit eine Woche gemeinsam zu musizieren.<\/p>\n<\/div>\n\n\n\n<div class=\"wp-block-column is-layout-flow wp-block-column-is-layout-flow\"><div class=\"wp-block-image\">\n<figure class=\"aligncenter size-full is-resized\"><img decoding=\"async\" width=\"2516\" height=\"2516\" src=\"https:\/\/lager.musikschulewuerenlos.ch\/wp-content\/uploads\/2019\/08\/Simone-R\u00fcedi2.jpg\" alt=\"\" class=\"wp-image-1468\" style=\"width:250px\"\/><\/figure>\n<\/div>\n\n\n<h2 class=\"wp-block-heading has-text-align-center\">Simone R\u00fcedi<\/h2>\n\n\n\n<p class=\"has-text-align-center\">Das Klavier singen lassen. Das liegt mir besonders am Herzen. Unz\u00e4hlige Kl\u00e4nge und Geschichten stecken in diesen, meist alten K\u00e4sten und warten darauf, entlockt oder gar entfesselt zu werden. Als Kind schon wusste ich, dass ich eines Tages Klavier unterrichten w\u00fcrde. Das ist jetzt tats\u00e4chlich schon ein Weilchen her, aber ich kann mir immer noch nichts Sch\u00f6neres vorstellen, als den ganzen Tag mit Musik zu verbringen, sei es als ausgebildeter Klavierp\u00e4dagoge im Unterrichtsraum oder als Kammermusikpartner im Konzertsaal. Besonders viel Vergn\u00fcgen bereitet mir das Musizieren mit meinen beiden Kindern. Ich lese viel (haupts\u00e4chlich Noten) und w\u00fcrde sehr gerne wieder mehr Fussball spielen. Spielt jemand mit?<\/p>\n<\/div>\n<\/div>\n\n\n\n<div style=\"height:30px\" aria-hidden=\"true\" class=\"wp-block-spacer\"><\/div>\n\n\n\n<div class=\"wp-block-columns alignwide has-2-columns is-layout-flex wp-container-core-columns-is-layout-9d6595d7 wp-block-columns-is-layout-flex\">\n<div class=\"wp-block-column is-layout-flow wp-block-column-is-layout-flow\"><div class=\"wp-block-image\">\n<figure class=\"aligncenter size-full is-resized\"><img loading=\"lazy\" decoding=\"async\" width=\"2233\" height=\"2233\" src=\"https:\/\/lager.musikschulewuerenlos.ch\/wp-content\/uploads\/2019\/08\/Gaia-Gabazzi2.jpg\" alt=\"\" class=\"wp-image-1466\" style=\"width:250px\"\/><\/figure>\n<\/div>\n\n\n<h2 class=\"wp-block-heading has-text-align-center\">Gaia Gaibazzi<\/h2>\n\n\n\n<p class=\"has-text-align-center\">Ich spiele Musik seit ich 10 Jahre alt war und seitdem habe ich nie aufgeh\u00f6rt. Ich habe einen Master in Musikperformance und einen in Musikp\u00e4dagogik. Ich liebe es, meine Sch\u00fcler zu unterrichten und ihnen meine Erfahrungen und Kenntnisse der Musik zu vermitteln. Gleichzeitig spiele ich in vielen verschiedenen Kammermusikensembles und Orchestern in der Schweiz und in ganz Europa. Ich liebe es zu reisen und neue Leute, Orte und Kulturen kennenzulernen. Ich bin auch sehr daran interessiert, B\u00fccher zu lesen und Sprachen zu lernen.<\/p>\n<\/div>\n\n\n\n<div class=\"wp-block-column is-layout-flow wp-block-column-is-layout-flow\"><div class=\"wp-block-image\">\n<figure class=\"aligncenter size-full is-resized\"><img loading=\"lazy\" decoding=\"async\" width=\"2181\" height=\"2181\" src=\"https:\/\/lager.musikschulewuerenlos.ch\/wp-content\/uploads\/2021\/09\/Alex-Merz2.jpg\" alt=\"\" class=\"wp-image-2895\" style=\"width:250px\"\/><\/figure>\n<\/div>\n\n\n<h2 class=\"wp-block-heading has-text-align-center\">Alexander Merz<\/h2>\n\n\n\n<p class=\"has-text-align-center\">Ich wurde 1989 in Schlieren geboren und wuchs in Niederlenz auf. Nach meiner Matura an der Kantonsschule Wettingen begann ich mein Musikstudium an der Jazzschule Luzern. 2016 schloss ich meinen Master in Instrumentalp\u00e4dagogik mit Hauptfach Schlagzeug ab. Ich freue mich sehr als Schlagzeuglehrer unterrichten zu d\u00fcrfen und so meine Freude an der Musik und mein musikalisches Wissen an die Sch\u00fcler weiterzugeben.<br>Neben meiner Arbeit als Musiklehrer bin ich als Live- und Studioschlagzeuger in verschiedenen Formationen in den Bereichen Jazz, Pop und Electronic t\u00e4tig. Ich spielte und spiele unter anderem in Bands wie Carrousel, Lea Lu, Jan Oliver, Sophie Louise und Mynah.<\/p>\n<\/div>\n<\/div>\n\n\n\n<div class=\"wp-block-columns alignwide has-2-columns is-layout-flex wp-container-core-columns-is-layout-9d6595d7 wp-block-columns-is-layout-flex\">\n<div class=\"wp-block-column is-layout-flow wp-block-column-is-layout-flow\"><div class=\"wp-block-image\">\n<figure class=\"aligncenter size-full is-resized\"><img loading=\"lazy\" decoding=\"async\" width=\"2181\" height=\"2181\" src=\"https:\/\/lager.musikschulewuerenlos.ch\/wp-content\/uploads\/2021\/09\/Florian-Rechsteiner2.jpg\" alt=\"\" class=\"wp-image-2916\" style=\"width:250px\"\/><\/figure>\n<\/div>\n\n\n<h2 class=\"wp-block-heading has-text-align-center\">Florian Rechsteiner<\/h2>\n\n\n\n<p class=\"has-text-align-center\">Ich wohne schon mein Leben lang in Brugg und besuchte seit Schulbeginn den Gitarrenunterricht.<br>Nebst klassischen Formationen von Solo zu Quartett bis Ensemble genoss ich ab den fr\u00fchen Jugendjahren auch erste B\u00fchnenerfahrungen an der E-Gitarre.<br>Zeitgleich absolvierte ich mehrmals Meisterkurse f\u00fcr Kammermusik bei Jury Clormann. Nach regelm\u00e4ssigen Preisverleihungen am Prix Rotary und dem SJMW verlor ich durch pers\u00f6nliche Umst\u00e4nde immer mehr den Bezug auf das Gitarrenspiel.<br>Einige Jahre darauf fand ich zu meiner Berufung zur\u00fcck, der Musik.<br>Nun bin ich als Gitarrenlehrer t\u00e4tig und studiere Musik in Winterthur. Es ist mir eine grosse Freude, hier an der Musikschule W\u00fcrenlos unterrichten zu d\u00fcrfen!<\/p>\n<\/div>\n\n\n\n<div class=\"wp-block-column is-layout-flow wp-block-column-is-layout-flow\"><div class=\"wp-block-image\">\n<figure class=\"aligncenter size-full is-resized\"><img loading=\"lazy\" decoding=\"async\" width=\"1676\" height=\"1676\" src=\"https:\/\/lager.musikschulewuerenlos.ch\/wp-content\/uploads\/2025\/04\/Balint-Hrotko2.jpg\" alt=\"\" class=\"wp-image-4667\" style=\"width:auto;height:250px\" srcset=\"https:\/\/lager.musikschulewuerenlos.ch\/wp-content\/uploads\/2025\/04\/Balint-Hrotko2.jpg 1676w, https:\/\/lager.musikschulewuerenlos.ch\/wp-content\/uploads\/2025\/04\/Balint-Hrotko2-300x300.jpg 300w, https:\/\/lager.musikschulewuerenlos.ch\/wp-content\/uploads\/2025\/04\/Balint-Hrotko2-1024x1024.jpg 1024w, https:\/\/lager.musikschulewuerenlos.ch\/wp-content\/uploads\/2025\/04\/Balint-Hrotko2-150x150.jpg 150w, https:\/\/lager.musikschulewuerenlos.ch\/wp-content\/uploads\/2025\/04\/Balint-Hrotko2-768x768.jpg 768w, https:\/\/lager.musikschulewuerenlos.ch\/wp-content\/uploads\/2025\/04\/Balint-Hrotko2-1536x1536.jpg 1536w, https:\/\/lager.musikschulewuerenlos.ch\/wp-content\/uploads\/2025\/04\/Balint-Hrotko2-1080x1080.jpg 1080w, https:\/\/lager.musikschulewuerenlos.ch\/wp-content\/uploads\/2025\/04\/Balint-Hrotko2-75x75.jpg 75w\" sizes=\"(max-width: 1676px) 100vw, 1676px\" \/><\/figure>\n<\/div>\n\n\n<h2 class=\"wp-block-heading has-text-align-center\">B\u00e0lint Kov\u00e1cs<\/h2>\n\n\n\n<p class=\"has-text-align-center\">Blockfl\u00f6tenspiel bedeutet f\u00fcr mich: pure Vielfalt! Ich spiele verschiedene Blockfl\u00f6ten \u2013 vom winzigen Garklein bis zum riesigen Subkontrabass \u2013 und experimentiere auch gerne mit Blassynthesizern. Musikalisch bewege ich mich durch alle Epochen meines Instruments: Mittelalter, Renaissance, Barock, Moderne, elektroakustische und sogar selbst komponierte Musik \u2013 alles ist willkommen. Nach meinen Studien an der Universit\u00e4t f\u00fcr Musik und darstellende Kunst Wien sowie am Mozarteum Salzburg unterrichte ich heute mit gro\u00dfer Freude an der Musikschule W\u00fcrenlos und an der Hochschule f\u00fcr Musik Freiburg. K\u00fcnstlerisch bin ich als Solist, Kammermusiker und Orchestermitglied aktiv \u2013 mit Blockfl\u00f6ten und Barockfagott. Ich bin 26 Jahre alt und verbringe meine Freizeit am liebsten mit Freunden, endlosen Jokes, Sauna, Bergen, Brettspielen \u2013 oder beim Joggen, wenn das Wetter mitspielt \u2600\ufe0f Mein Lieblingsmoment beim Unterrichten? Wenn meine Sch\u00fcler*innen singend den Raum verlassen \ud83c\udfb6 Ich freue mich riesig aufs Musiklager \u2013 und auf viele neue musikalische Abenteuer mit euch!<\/p>\n<\/div>\n<\/div>\n\n\n\n<div class=\"wp-block-columns alignwide has-2-columns is-layout-flex wp-container-core-columns-is-layout-9d6595d7 wp-block-columns-is-layout-flex\">\n<div class=\"wp-block-column is-layout-flow wp-block-column-is-layout-flow\"><div class=\"wp-block-image\">\n<figure class=\"aligncenter size-full is-resized\"><img loading=\"lazy\" decoding=\"async\" width=\"435\" height=\"435\" src=\"https:\/\/lager.musikschulewuerenlos.ch\/wp-content\/uploads\/2025\/07\/Agnes-Herzog_2.jpg\" alt=\"\" class=\"wp-image-4677\" style=\"width:250px\" srcset=\"https:\/\/lager.musikschulewuerenlos.ch\/wp-content\/uploads\/2025\/07\/Agnes-Herzog_2.jpg 435w, https:\/\/lager.musikschulewuerenlos.ch\/wp-content\/uploads\/2025\/07\/Agnes-Herzog_2-300x300.jpg 300w, https:\/\/lager.musikschulewuerenlos.ch\/wp-content\/uploads\/2025\/07\/Agnes-Herzog_2-150x150.jpg 150w, https:\/\/lager.musikschulewuerenlos.ch\/wp-content\/uploads\/2025\/07\/Agnes-Herzog_2-75x75.jpg 75w\" sizes=\"(max-width: 435px) 100vw, 435px\" \/><\/figure>\n<\/div>\n\n\n<h2 class=\"wp-block-heading has-text-align-center\">Agnes Herzog<\/h2>\n\n\n\n<p class=\"has-text-align-center\">Zuerst war es die Geige, doch dann entdeckte ich mit vier die Liebe zum Cello. Inspiriert haben mich meine Br\u00fcder welche beide auch Cellisten sind. Ich besuchte die Begabtenf\u00f6rderung Weinfelden und das Vorstudium Winterthur und befinde mich nach abgeschlossenem Bachelor-Studium zurzeit an meinem Master (Hauptfach Violoncello) an der ZHdK.<br>Ob Orchester, Kammermusik oder Solo, alles bereitet mir Freude. Nebenbei singe ich sehr gerne, und befinde mich am liebsten in den Bergen am Skifahren, Wandern oder Lesen.<\/p>\n<\/div>\n\n\n\n<div class=\"wp-block-column is-layout-flow wp-block-column-is-layout-flow\"><div class=\"wp-block-image\">\n<figure class=\"aligncenter size-large is-resized\"><img loading=\"lazy\" decoding=\"async\" width=\"1024\" height=\"1024\" src=\"https:\/\/lager.musikschulewuerenlos.ch\/wp-content\/uploads\/2025\/02\/Simon-Spuehler-1024x1024.jpg\" alt=\"\" class=\"wp-image-4628\" style=\"width:250px\" srcset=\"https:\/\/lager.musikschulewuerenlos.ch\/wp-content\/uploads\/2025\/02\/Simon-Spuehler-1024x1024.jpg 1024w, https:\/\/lager.musikschulewuerenlos.ch\/wp-content\/uploads\/2025\/02\/Simon-Spuehler-300x300.jpg 300w, https:\/\/lager.musikschulewuerenlos.ch\/wp-content\/uploads\/2025\/02\/Simon-Spuehler-150x150.jpg 150w, https:\/\/lager.musikschulewuerenlos.ch\/wp-content\/uploads\/2025\/02\/Simon-Spuehler-768x768.jpg 768w, https:\/\/lager.musikschulewuerenlos.ch\/wp-content\/uploads\/2025\/02\/Simon-Spuehler-1536x1536.jpg 1536w, https:\/\/lager.musikschulewuerenlos.ch\/wp-content\/uploads\/2025\/02\/Simon-Spuehler-2048x2048.jpg 2048w, https:\/\/lager.musikschulewuerenlos.ch\/wp-content\/uploads\/2025\/02\/Simon-Spuehler-1080x1080.jpg 1080w, https:\/\/lager.musikschulewuerenlos.ch\/wp-content\/uploads\/2025\/02\/Simon-Spuehler-75x75.jpg 75w\" sizes=\"(max-width: 1024px) 100vw, 1024px\" \/><\/figure>\n<\/div>\n\n\n<h2 class=\"wp-block-heading has-text-align-center\">Simon Sp\u00fchler<\/h2>\n\n\n\n<p class=\"has-text-align-center\">Ich bin 25 Jahre alt und wohne in Neuenhof. Diesen Sommer habe ich mein Bachelor-Studium in Energie- und Umwelttechnik an der ZHAW in Winterthur abgeschlossen. Ich arbeite im Elektronik- und Softwarebereich.<br>In meiner Freizeit bin ich als Jugileiter in Turnverein W\u00fcrenlos t\u00e4tig und spiele in der Musikgesellschaft W\u00fcrenlos und der Guggenmusik &#8222;34er H\u00f6ckler&#8220;. Ich spiele seit ich 7 Jahre alt bin Violine und seit knapp 5 Jahren Tuba &amp; Sousaphon. Ich bin jetzt zum 4. Mal als Leiter im Musiklager dabei und f\u00fcr das Rahmenprogramm und die Website verantwortlich.<\/p>\n<\/div>\n<\/div>\n\n\n\n<div style=\"height:50px\" aria-hidden=\"true\" class=\"wp-block-spacer\"><\/div>\n\n\n\n<p class=\"has-text-align-center\"><em><strong>WIR KOCHEN F\u00dcR EUCH<\/strong><\/em><\/p>\n\n\n\n<hr class=\"wp-block-separator has-css-opacity is-style-wide\"\/>\n\n\n\n<h1 class=\"wp-block-heading has-text-align-center\">K\u00dcCHENTEAM<\/h1>\n\n\n\n<p class=\"has-text-align-center\">Nat\u00fcrlich werden wir wieder von einem tollen K\u00fcchenteam begleitet, das uns 3 Mal am Tag mit sehr gutem Essen versorgen wird.<\/p>\n\n\n\n<div style=\"height:50px\" aria-hidden=\"true\" class=\"wp-block-spacer\"><\/div>\n\n\n\n<div class=\"wp-block-columns alignwide has-2-columns is-layout-flex wp-container-core-columns-is-layout-9d6595d7 wp-block-columns-is-layout-flex\">\n<div class=\"wp-block-column is-layout-flow wp-block-column-is-layout-flow\"><div class=\"wp-block-image\">\n<figure class=\"aligncenter size-full is-resized\"><img loading=\"lazy\" decoding=\"async\" width=\"2181\" height=\"2181\" src=\"https:\/\/lager.musikschulewuerenlos.ch\/wp-content\/uploads\/2019\/08\/C\u00e4cilia-Gebhardt2.jpg\" alt=\"\" class=\"wp-image-1462\" style=\"width:250px\"\/><\/figure>\n<\/div>\n\n\n<h2 class=\"wp-block-heading has-text-align-center\">C\u00e4cilia Gebhardt<\/h2>\n\n\n\n<p class=\"has-text-align-center\">Ich bin gelernte G\u00e4rtnerin und habe diesen Beruf bis 2016 ausge\u00fcbt. Seit dann bin ich Mutter einer Tochter. Seit 2024 trift man mich immer wieder bei der Kath. Kirche wo ich arbeite.<br>Musik geh\u00f6rt zu meinem gr\u00f6ssten Hobby. Seit ich 12 bin spiele ich Klarinette. Bei meiner Ausbildung zur Dirigentin (Schweizer Blasmusikverband und Hochschule Luzern) habe ich auch div. Percussionsinstrumente gelernt.<br>Seit 2018 habe ich auch das J+M Zertifikat. Zur Zeit spiele ich in der Harmonie Wettingen Kloster und dirigiere das Jugendspiel Allegro Region Baden. Auch im Samariterverein W\u00fcrenlos widme ich mich dem Nachwuchs.<\/p>\n<\/div>\n\n\n\n<div class=\"wp-block-column is-layout-flow wp-block-column-is-layout-flow\"><div class=\"wp-block-image\">\n<figure class=\"aligncenter size-full is-resized\"><img loading=\"lazy\" decoding=\"async\" width=\"2613\" height=\"2612\" src=\"https:\/\/lager.musikschulewuerenlos.ch\/wp-content\/uploads\/2019\/08\/Michael-Sp\u00fchler2.jpg\" alt=\"\" class=\"wp-image-1467\" style=\"width:250px\"\/><\/figure>\n<\/div>\n\n\n<h2 class=\"wp-block-heading has-text-align-center\">Michael Sp\u00fchler<\/h2>\n\n\n\n<p class=\"has-text-align-center\">Ich bin Elektroingenieur und t\u00fcftle vor allem gerne an Software herum. Seit dem Jahr 2000 f\u00fchre ich eine Firma, welche sich mit komplexen Problemstellungen in Physik, Elektronik und Informatik besch\u00e4ftigt. Selber spiele ich etwas Klavier und h\u00f6re gerne alles M\u00f6gliche, solange es \u201enormale\u201c Musik ist. Seit zwei Jahren spiele ich in der Steelband \u201eFassbodechlopfer Wettige\u201c mit. Das neue Instrument zu lernen und die Auftritte haben meinen Horizont erweitert. Am liebsten w\u00e4re ich ganz oft auf dem Wasser. Ich segle gerne, da ich seit meiner Kindheit sehr viel auf Segelschiffen war.<\/p>\n<\/div>\n<\/div>\n\n\n\n<div style=\"height:30px\" aria-hidden=\"true\" class=\"wp-block-spacer\"><\/div>\n\n\n\n<div class=\"wp-block-columns alignwide has-2-columns is-layout-flex wp-container-core-columns-is-layout-9d6595d7 wp-block-columns-is-layout-flex\">\n<div class=\"wp-block-column is-layout-flow wp-block-column-is-layout-flow\"><div class=\"wp-block-image\">\n<figure class=\"aligncenter size-full is-resized\"><img loading=\"lazy\" decoding=\"async\" width=\"2843\" height=\"2844\" src=\"https:\/\/lager.musikschulewuerenlos.ch\/wp-content\/uploads\/2019\/08\/Eva-Sp\u00fchler2.jpg\" alt=\"\" class=\"wp-image-1465\" style=\"width:250px\"\/><\/figure>\n<\/div>\n\n\n<h2 class=\"wp-block-heading has-text-align-center\">Eva Sp\u00fchler<\/h2>\n\n\n\n<p class=\"has-text-align-center\">Ich habe an der ETH in Z\u00fcrich Geophysik studiert, da ich total von Erdbeben fasziniert bin. Nun arbeite ich aber im Gesch\u00e4ft meines Mannes mit und programmiere dort Notenverwaltungen (also Schulnoten, nicht Musiknoten). Ich h\u00f6re gerne Musik, bin selber leider ziemlich unmusikalisch und nur im Kindergarten ins Fl\u00f6tenspielen gegangen. In meiner Freizeit stricke und h\u00e4kle ich sehr gerne. Auch basteln und lesen geh\u00f6ren zu meinen Hobbies. Ich habe viele Lieblingsmusiker, z.B. Elton John, Sting etc. .<\/p>\n<\/div>\n\n\n\n<div class=\"wp-block-column is-layout-flow wp-block-column-is-layout-flow\"><div class=\"wp-block-image\">\n<figure class=\"aligncenter size-full is-resized\"><img loading=\"lazy\" decoding=\"async\" width=\"896\" height=\"896\" src=\"https:\/\/lager.musikschulewuerenlos.ch\/wp-content\/uploads\/2025\/11\/Angela-Huber_2.jpg\" alt=\"\" class=\"wp-image-5814\" style=\"width:auto;height:250px\" srcset=\"https:\/\/lager.musikschulewuerenlos.ch\/wp-content\/uploads\/2025\/11\/Angela-Huber_2.jpg 896w, https:\/\/lager.musikschulewuerenlos.ch\/wp-content\/uploads\/2025\/11\/Angela-Huber_2-300x300.jpg 300w, https:\/\/lager.musikschulewuerenlos.ch\/wp-content\/uploads\/2025\/11\/Angela-Huber_2-150x150.jpg 150w, https:\/\/lager.musikschulewuerenlos.ch\/wp-content\/uploads\/2025\/11\/Angela-Huber_2-768x768.jpg 768w, https:\/\/lager.musikschulewuerenlos.ch\/wp-content\/uploads\/2025\/11\/Angela-Huber_2-75x75.jpg 75w\" sizes=\"(max-width: 896px) 100vw, 896px\" \/><\/figure>\n<\/div>\n\n\n<h2 class=\"wp-block-heading has-text-align-center\">Angela Huber<\/h2>\n\n\n\n<p class=\"has-text-align-center\">Ich bin Mami von zwei T\u00f6chtern und gelernte Kindergartenlehrperson. Zurzeit arbeite ich in einem Teilpensum in Steinhausen im Kanton Zug. Die Arbeit mit Kindern bereitet mir grosse Freude \u2013 ihre Neugier, Kreativit\u00e4t und Energie sind f\u00fcr mich t\u00e4glich inspirierend. In meiner Freizeit leite ich mit viel Herzblut einen Jodelchor, in dem ich auch selber mitsinge. Die Musik, besonders der Jodelgesang, begleitet mich schon seit vielen Jahren und ist f\u00fcr mich eine sch\u00f6ne M\u00f6glichkeit, Tradition, Gemeinschaft und Emotionen zu verbinden. Ausserdem spiele ich gerne Theater und liebe es, in verschiedene Rollen zu schl\u00fcpfen. Am liebsten aber verbringe ich Zeit mit meiner Familie \u2013 sei es draussen in der Natur, bei einem Ausflug oder einfach gem\u00fctlich zu Hause.<br>Ich freue mich auf das Lager, die gemeinsamen Erlebnisse und viele sch\u00f6ne Momente mit den Kindern und dem Team!<\/p>\n<\/div>\n<\/div>\n\n\n\n<div style=\"height:50px\" aria-hidden=\"true\" class=\"wp-block-spacer\"><\/div>\n\n\n\n<p class=\"has-text-align-center\"><em><strong>HIER K\u00d6NNT IHR UNS KONTAKTIEREN<\/strong><\/em><\/p>\n\n\n\n<hr class=\"wp-block-separator has-css-opacity is-style-wide\"\/>\n\n\n\n<h1 class=\"wp-block-heading has-text-align-center\">LAGERLEITUNG KONTAKTIEREN<\/h1>\n\n\n\n<div class=\"wp-block-button aligncenter\"><a class=\"wp-block-button__link wp-element-button\" href=\"mailto: simon.spuehler@swissmains.com\">Kontakt<\/a><\/div>\n\n\n\n<div class=\"wp-block-columns has-2-columns is-layout-flex wp-container-core-columns-is-layout-9d6595d7 wp-block-columns-is-layout-flex\">\n<div class=\"wp-block-column is-layout-flow wp-block-column-is-layout-flow\">\n<p class=\"has-text-align-center\"><strong>Simon Sp\u00fchler<\/strong> (Hauptkontakt w\u00e4hrend Lager)<br><strong>E-Mail: <\/strong>simon.spuehler@swissmains.com<br><strong>Telefon:<\/strong> 079 857 64 79<\/p>\n<\/div>\n\n\n\n<div class=\"wp-block-column is-layout-flow wp-block-column-is-layout-flow\">\n<p class=\"has-text-align-center\"><strong>Sylvia Riolo<\/strong><br><strong>E-Mail: <\/strong>sylvia.riolo@wuerenlos.ch<br><strong>Telefon: <\/strong>079 509 61 67<\/p>\n<\/div>\n<\/div>\n","protected":false},"excerpt":{"rendered":"<p>DAS SIND WIR LAGERLEITUNG Sylvia Riolo \u00fcbernimmt zum siebten Mal die Lagerleitung. Wenn ihr uns kontaktieren wollt, k\u00f6nnt ihr dies unten \u00fcber das Kontaktformular &#8222;Lagerleitung Kontaktieren&#8220; machen. Sylvia Riolo Gl\u00fccklicherweise konnte ich in jungen Jahren mein Hobby zum Beruf machen. Ich habe eine Ausbildung als Blasorchesterdirigentin und Querfl\u00f6tenlehrerin abgeschlossen. Seither unterrichtete ich an verschiedenen Musikschulen &hellip; <a href=\"https:\/\/lager.musikschulewuerenlos.ch\/index.php\/leiterteam\/\" class=\"more-link\">Continue reading <span class=\"screen-reader-text\"><\/span><\/a><\/p>\n","protected":false},"author":2,"featured_media":0,"parent":0,"menu_order":0,"comment_status":"closed","ping_status":"closed","template":"","meta":{"footnotes":""},"tags":[],"class_list":["post-48","page","type-page","status-publish","hentry","no-featured-image"],"jetpack_sharing_enabled":true,"_links":{"self":[{"href":"https:\/\/lager.musikschulewuerenlos.ch\/index.php\/wp-json\/wp\/v2\/pages\/48","targetHints":{"allow":["GET"]}}],"collection":[{"href":"https:\/\/lager.musikschulewuerenlos.ch\/index.php\/wp-json\/wp\/v2\/pages"}],"about":[{"href":"https:\/\/lager.musikschulewuerenlos.ch\/index.php\/wp-json\/wp\/v2\/types\/page"}],"author":[{"embeddable":true,"href":"https:\/\/lager.musikschulewuerenlos.ch\/index.php\/wp-json\/wp\/v2\/users\/2"}],"replies":[{"embeddable":true,"href":"https:\/\/lager.musikschulewuerenlos.ch\/index.php\/wp-json\/wp\/v2\/comments?post=48"}],"version-history":[{"count":105,"href":"https:\/\/lager.musikschulewuerenlos.ch\/index.php\/wp-json\/wp\/v2\/pages\/48\/revisions"}],"predecessor-version":[{"id":5815,"href":"https:\/\/lager.musikschulewuerenlos.ch\/index.php\/wp-json\/wp\/v2\/pages\/48\/revisions\/5815"}],"wp:attachment":[{"href":"https:\/\/lager.musikschulewuerenlos.ch\/index.php\/wp-json\/wp\/v2\/media?parent=48"}],"wp:term":[{"taxonomy":"post_tag","embeddable":true,"href":"https:\/\/lager.musikschulewuerenlos.ch\/index.php\/wp-json\/wp\/v2\/tags?post=48"}],"curies":[{"name":"wp","href":"https:\/\/api.w.org\/{rel}","templated":true}]}}